4. Let y be j(10). Suppose y*s + 5*r = v, -3*r - 1623 = -2*s + 231. Is s composite?
True
Suppose -5*d - 3*s - 14 = -7*d, -d + 5*s = -14. Suppose d*n + 5*h = 18322, -2*n - 3*h + 4569 = -4591. Is n composite?
False
Let r(c) = -2*c**2 + 31*c - 16. Let x be r(15). Is (x/2)/(42/(-831516)) a composite number?
True
Suppose 15*h - 5055 - 2805 = 0. Suppose 212 + 310 = k + w, -k = 3*w - h. Is k a composite number?
False
Let s(v) = 363*v**3 + 91*v**2 + v - 84. Is s(10) prime?
False
Let p = -46659 + 272086. Is p a prime number?
True
Suppose b = 44084 - 2513 - 7354. Is b composite?
False
Let x be ((-8)/(-4))/((-4)/(-22)). Let f = 13 - x. Suppose -f*i + 12*i - 6410 = 0. Is i prime?
True
Suppose c = 5*g + 3*c - 41, -17 = -3*g - 5*c. Let o(d) = 7*d**3 - 5*d**2 + 6*d - 11. Is o(g) composite?
True
Let t = 0 + 0. Let i(d) be the third derivative of -d**5/60 - d**4/12 + 233*d**3/6 - 22*d**2. Is i(t) a composite number?
False
Let l be 3 - (106/10 + -7) - 522/30. Suppose 3*i + 0*t + 3*t + 3 = 0, -2*t = 3*i + 4. Is ((-8869)/6 - 3/l)/i a composite number?
False
Let q(w) = 4*w**2 + 19*w + 1. Let c be q(10). Let x = c - -3272. Is x composite?
False
Is 20196496/12*(-9)/(-20) + 4/10 composite?
True
Let n = 57292 - -205. Is n prime?
False
Suppose 193*x + 93619744 = 250166483. Is x prime?
True
Is (-470174)/8*(83 - 7)/(-19) composite?
True
Let i(v) = -v**3 + 11*v + 25. Let a be i(4). Suppose 2*n + 3*n = -w + 3224, -12771 = -4*w + a*n. Is w prime?
False
Let d(v) = -4*v**2 + 2*v + 24. Let k be d(15). Suppose -3*g = -11*g - 344. Let m = g - k. Is m prime?
False
Let l(s) = 127*s**2 - 66*s - 1388. Is l(-25) a composite number?
True
Let n(f) = 23*f**2 + 5*f + 10. Suppose -17*g + 20*g - 45 = 0. Let b be n(g). Suppose 13*j - b = 9*j. Is j a composite number?
True
Let v(h) = -2*h + 22. Let r be v(7). Let q be 11884/r - 3 - 2/(-4). Suppose -4*k - q = -3*f + k, -2*f + 5*k = -982. Is f a composite number?
True
Let n(d) = 2*d**2 + 5*d**3 - 2*d**3 - 2*d**3 - 8 - 2*d + 17. Let o be (-10)/55 - (-46)/11. Is n(o) composite?
False
Let v(z) = 30*z - 5. Let h be ((-1)/(-3))/1*24. Let b be v(h). Let m = 1448 - b. Is m prime?
True
Suppose 55378 = b + 3*w, 4*b - 221603 = 9*w - 8*w. Is b a prime number?
True
Let m(t) = 724*t**2 + 3*t + 5. Let w be m(-3). Let p = w + -3751. Is p a prime number?
False
Suppose 0 = 23*y - 303732 - 1276511 - 616464. Is y a composite number?
True
Suppose 14*p - 172910 = 9*p - w, 3*p = 5*w + 103774. Is p a prime number?
True
Is 1/1 - 5/((-10)/114392) prime?
False
Is (420/126)/(10/215598) a prime number?
False
Let a(i) = i**3 + 47*i**2 - 29*i - 71. Is a(-32) prime?
True
Suppose -4*z - 17*z - 119*z = -7352660. Is z a composite number?
True
Is (28281 - (-5 - -3)) + (-12 - 72/(-12)) a prime number?
True
Let w = -36259 - -63822. Is w a composite number?
True
Let f = -54 - -97. Let v = f + -34. Suppose 759 = -6*q + v*q. Is q composite?
True
Let l(j) = -50*j**3 + 6 + 9 + 21*j**2 + 51*j**3 - 25*j + 10*j**2. Is l(-17) composite?
True
Suppose 3*j + 4*c + 6 = -1, 4*c = -5*j - 1. Let a(m) = 13*m**3 - 15*m**j + 4*m - 5*m - 2*m**2 - 4. Is a(-7) prime?
False
Suppose -4*g = 0, 94110 = 5*s - 0*s - g. Suppose 5*h + 3*y = 21212 + 2307, s = 4*h - y. Is h composite?
True
Let f be (-34 + 37 - -1*15) + 4. Is 13649/(65/55 + (-4)/f) a composite number?
False
Let i = -3678 - -6326. Let k(a) = 1252*a**3 - 2*a + 1. Let h be k(1). Let p = i + h. Is p composite?
True
Suppose -635*m = -627*m - 1364568. Is m prime?
False
Let a = -1435 + 1443. Let n be -3 + 1 + -1 - 1. Is 2/a + (-17803)/n prime?
True
Suppose 635 = 5*m - 5*f, 4*f - 666 = -4*m - 182. Let c = -121 + m. Is ((-2)/c)/(35607/11871 - 3) prime?
True
Let b = -14797 - -57706. Is b prime?
False
Suppose -5*a = -3*s + 25508, -2*s - 55*a + 59*a = -17006. Is s prime?
True
Let z(u) = 2*u**3 + 15*u**2 - u + 61. Let t be z(-8). Is (t - -6)/((-7)/(-3493)) a prime number?
False
Let s(w) = -931*w**3 + 3*w**2 - 4*w + 3. Let o(t) = -1861*t**3 + 6*t**2 - 7*t + 5. Let r(c) = 4*o(c) - 7*s(c). Is r(-2) prime?
False
Suppose -2*u - 2849829 = 96*u - 9392995. Is u a composite number?
True
Let b(p) = 255*p**3 + p - 2. Let w(k) = k**2 - 6*k - 6. Let h be w(7). Is b(h) composite?
True
Let w = 27137 + -17647. Let v = w - 2369. Is v composite?
False
Let h(j) be the third derivative of 391*j**4/24 - j**3 + 2*j**2. Suppose 55 - 150 = -19*c. Is h(c) a prime number?
True
Let s(a) = -a + 1151. Suppose 0*t + 12 = 2*t. Suppose -j = -t*j. Is s(j) prime?
True
Suppose 241*h + 5*p = 243*h - 243302, 0 = 3*p. Is h a composite number?
True
Let j be 3/(-12) - (-28)/(-16). Let k(g) be the third derivative of -111*g**4/8 - 2*g**3/3 - 31*g**2. Is k(j) a composite number?
True
Let a be 0/3*(-3)/6. Suppose 5*r = -5*y + 8100, 4*y + 0*y - 3*r - 6445 = a. Let i = y - 366. Is i composite?
False
Let g = 27 - 24. Suppose 5*v + 5 = 0, 0*w + g*v - 4904 = -w. Is w a composite number?
True
Suppose 0*m + 5*m - 182 = 4*g, -2*g - 82 = 2*m. Let x = g - -39. Is 204 - -8 - (-4 - (x - -2)) composite?
True
Let t(g) = 76*g**2 - 252*g + 97. Is t(34) composite?
True
Let l(d) = 3435*d**2 + 66*d + 301. Is l(-10) a prime number?
True
Let p = 154711 - -125106. Is p prime?
True
Let u = 2175 + -1381. Let b(y) = y**3 + y**2 - y + 2072. Let s be b(0). Suppose 4*a - 2*o - 868 = u, -3*o + s = 5*a. Is a composite?
True
Let k be 4/26 - 12/78. Suppose 6*m - 10366 + 424 = k. Is m composite?
False
Let g(m) = 29*m**2 - 87*m + 17. Let f(p) = 8*p**2 - 15*p + 25. Let n be f(2). Is g(n) composite?
True
Let f = -140 + 140. Suppose -7*v + 37 + 14509 = f. Is v a prime number?
False
Suppose -38*d = -29*d + 486. Is d/12*7586/(-3) a prime number?
False
Suppose -28*c - 13*c = -55*c + 67438. Is c a composite number?
False
Let t = 46861 - 8874. Is t prime?
True
Let f(r) = 247*r**3 - 5*r**2 + 10*r - 19. Is f(6) a prime number?
False
Suppose -2*a = -0*a - 13348. Let g(w) = 6*w**3 + 2*w**2 - 18*w + 18. Let x be g(7). Suppose a = 6*j + x. Is j a composite number?
True
Let l = 20 - 5. Let h(p) = -7*p - l*p - 35 - 2*p + 0*p. Is h(-18) a composite number?
False
Suppose 3*v - 40 = -10. Let n(l) = v - 3 - 78*l**2 + 79*l**2 + 2*l. Is n(-10) composite?
True
Let m(u) = 2*u**2 - 32*u - 63. Let i be m(18). Let x(d) = 4*d**3 - 6*d**2 - 9*d + 4. Is x(i) composite?
True
Suppose -42 = 3*j - 4*h, -3*j + 2*h = -3*h + 39. Let f be 160/30*j/8. Is (-2)/(-12) - 3514/f prime?
True
Let n be (-29 - -22) + 222/(-6). Let h(d) = d - 11. Let r be h(0). Is 1 + r/(n/4360) prime?
True
Let r = -32 - -53. Let o be (-56)/r*((-7)/2 + 2). Is ((-8)/(-20)*-1186)/(o/(-10)) a composite number?
True
Let i(a) = 2*a**2 - 2*a - 1. Let f be i(2). Suppose 5*o + 4264 = 4*g, -f*g - 5*o - 496 = -3659. Suppose 265 = -4*b + g. Is b composite?
False
Let h be 85344/84*(-114)/(-8). Suppose 170*f + h = u + 165*f, -2*f = 2*u - 28908. Is u a prime number?
False
Let i(x) = 50*x**2 - 2*x - 3. Let m be i(4). Let u be ((-32)/28)/((-11)/154). Suppose 13*s + m = u*s. Is s prime?
True
Let s be 2/4*(-4 - -4). Suppose s = 5*a - 0*c - 5*c - 17390, 5*a = c + 17398. Let o = -911 + a. Is o a prime number?
False
Suppose -3*b + 24 = 0, -n - 184*b = -186*b - 93553. Is n a composite number?
True
Let h(u) = 309*u**2 + 259*u - 3433. Is h(14) prime?
True
Suppose -2*o + 14 = 4. Suppose -1 = o*i - 11. Suppose i*l - 343 = -j + 2674, 4*l = 3*j + 6019. Is l a prime number?
False
Let p be (((-13)/1)/(-1))/((-1)/5). Let z = 68 + p. Suppose -z*k - 3 = 0, -5*f = -5*k - 1201 + 151. Is f a prime number?
False
Let z = 16760 + -5287. Suppose -2*p + 5*x + z = 0, 0 = p + 2*x - 446 - 5313. Is p a prime number?
True
Let d = -55749 + 123790. Is d prime?
True
Suppose -65739 = -34*f + 273547. Is f prime?
False
Let h be -6*(6/(-45))/(4/25). Suppose 0 = -2*i - 3*v + 694 + 11889, h*v - 6302 = -i. Suppose 0*j - 5*j = -m - 10500, -2*m + i = 3*j. Is j composite?
False
Let j be 2 - (11914/(-2) - 5). Let l = j - 3505. Is l a prime number?
True
Let r = 293 + 411. Let f = 1346 - r. Suppose -f + 196 = -o. Is o composite?
True
Let b(g) = 41063*g**2 - 272*g - 1661. Is b(-6) a composite number?
True
Suppose -304 = 3*a - 313, -2*p - a = -260749. Is p prime?
False
Let a(q) = 6*q**3 - 27*q**2 + 5*q - 3. Let w(s) = 11*s - 448. Let m be w(42). Is a(m) a composite number?
False
Let k(z) = 19*z + 580. Let v be k(-21). Suppose x = -0*i - 5*i + 1058, 0 = -2*